[INFO] cloning repository https://github.com/Viphor/POOP
[INFO] running `Command { std: "git" "-c" "credential.helper=" "-c" "credential.helper=/workspace/cargo-home/bin/git-credential-null" "clone" "--bare" "https://github.com/Viphor/POOP" "/workspace/cache/git-repos/https%3A%2F%2Fgithub.com%2FViphor%2FPOOP", kill_on_drop: false }`
[INFO] [stderr] Cloning into bare repository '/workspace/cache/git-repos/https%3A%2F%2Fgithub.com%2FViphor%2FPOOP'...
[INFO] running `Command { std: "git" "rev-parse" "HEAD", kill_on_drop: false }`
[INFO] [stdout] 03324cc9501734aeb63247bf5006fff99d9197eb
[INFO] checking Viphor/POOP against master#9610dfe5a9a731ced1ea4923ecbd0c57fe367898 for beta-170-4
[INFO] running `Command { std: "git" "clone" "/workspace/cache/git-repos/https%3A%2F%2Fgithub.com%2FViphor%2FPOOP" "/workspace/builds/worker-6-tc1/source", kill_on_drop: false }`
[INFO] [stderr] Cloning into '/workspace/builds/worker-6-tc1/source'...
[INFO] [stderr] done.
[INFO] validating manifest of git repo https://github.com/Viphor/POOP on toolchain 9610dfe5a9a731ced1ea4923ecbd0c57fe367898
[INFO] running `Command { std: CARGO_HOME="/workspace/cargo-home" RUSTUP_HOME="/workspace/rustup-home" "/workspace/cargo-home/bin/cargo" "+9610dfe5a9a731ced1ea4923ecbd0c57fe367898" "metadata" "--manifest-path" "Cargo.toml" "--no-deps", kill_on_drop: false }`
[INFO] started tweaking git repo https://github.com/Viphor/POOP
[INFO] finished tweaking git repo https://github.com/Viphor/POOP
[INFO] tweaked toml for git repo https://github.com/Viphor/POOP written to /workspace/builds/worker-6-tc1/source/Cargo.toml
[INFO] crate git repo https://github.com/Viphor/POOP already has a lockfile, it will not be regenerated
[INFO] running `Command { std: CARGO_HOME="/workspace/cargo-home" RUSTUP_HOME="/workspace/rustup-home" "/workspace/cargo-home/bin/cargo" "+9610dfe5a9a731ced1ea4923ecbd0c57fe367898" "fetch" "--manifest-path" "Cargo.toml", kill_on_drop: false }`
[INFO] [stderr]  Downloading crates ...
[INFO] [stderr]   Downloaded llvm-sys v100.0.1
[INFO] [stderr]   Downloaded logos-derive v0.10.0-rc2
[INFO] [stderr]   Downloaded logos v0.10.0-rc2
[INFO] running `Command { std: "docker" "create" "-v" "/var/lib/crater-agent-workspace/builds/worker-6-tc1/target:/opt/rustwide/target:rw,Z" "-v" "/var/lib/crater-agent-workspace/builds/worker-6-tc1/source:/opt/rustwide/workdir:ro,Z" "-v" "/var/lib/crater-agent-workspace/cargo-home:/opt/rustwide/cargo-home:ro,Z" "-v" "/var/lib/crater-agent-workspace/rustup-home:/opt/rustwide/rustup-home:ro,Z" "-e" "SOURCE_DIR=/opt/rustwide/workdir" "-e" "CARGO_TARGET_DIR=/opt/rustwide/target" "-e" "CARGO_HOME=/opt/rustwide/cargo-home" "-e" "RUSTUP_HOME=/opt/rustwide/rustup-home" "-w" "/opt/rustwide/workdir" "-m" "1610612736" "--user" "0:0" "--network" "none" "ghcr.io/rust-lang/crates-build-env/linux@sha256:19e73879b68f455e41552ea35293514db52ea292d993f571636dbffedb77a1ee" "/opt/rustwide/cargo-home/bin/cargo" "+9610dfe5a9a731ced1ea4923ecbd0c57fe367898" "metadata" "--no-deps" "--format-version=1", kill_on_drop: false }`
[INFO] [stdout] 1f07f362ff4005213fae43b96df9dcd494df11bd6d40e2da95c671898a67eb58
[INFO] running `Command { std: "docker" "start" "-a" "1f07f362ff4005213fae43b96df9dcd494df11bd6d40e2da95c671898a67eb58", kill_on_drop: false }`
[INFO] running `Command { std: "docker" "inspect" "1f07f362ff4005213fae43b96df9dcd494df11bd6d40e2da95c671898a67eb58", kill_on_drop: false }`
[INFO] running `Command { std: "docker" "rm" "-f" "1f07f362ff4005213fae43b96df9dcd494df11bd6d40e2da95c671898a67eb58", kill_on_drop: false }`
[INFO] [stdout] 1f07f362ff4005213fae43b96df9dcd494df11bd6d40e2da95c671898a67eb58
[INFO] running `Command { std: "docker" "create" "-v" "/var/lib/crater-agent-workspace/builds/worker-6-tc1/target:/opt/rustwide/target:rw,Z" "-v" "/var/lib/crater-agent-workspace/builds/worker-6-tc1/source:/opt/rustwide/workdir:ro,Z" "-v" "/var/lib/crater-agent-workspace/cargo-home:/opt/rustwide/cargo-home:ro,Z" "-v" "/var/lib/crater-agent-workspace/rustup-home:/opt/rustwide/rustup-home:ro,Z" "-e" "SOURCE_DIR=/opt/rustwide/workdir" "-e" "CARGO_TARGET_DIR=/opt/rustwide/target" "-e" "CARGO_INCREMENTAL=0" "-e" "RUST_BACKTRACE=full" "-e" "RUSTFLAGS=--cap-lints=forbid" "-e" "RUSTDOCFLAGS=--cap-lints=forbid" "-e" "CARGO_HOME=/opt/rustwide/cargo-home" "-e" "RUSTUP_HOME=/opt/rustwide/rustup-home" "-w" "/opt/rustwide/workdir" "-m" "1610612736" "--user" "0:0" "--network" "none" "ghcr.io/rust-lang/crates-build-env/linux@sha256:19e73879b68f455e41552ea35293514db52ea292d993f571636dbffedb77a1ee" "/opt/rustwide/cargo-home/bin/cargo" "+9610dfe5a9a731ced1ea4923ecbd0c57fe367898" "check" "--frozen" "--all" "--all-targets" "--message-format=json", kill_on_drop: false }`
[INFO] [stdout] 78dbe9f3c7a17fe26d596b28ade6fe603cf2d5e3d0bc3d46420d681fd28726bb
[INFO] running `Command { std: "docker" "start" "-a" "78dbe9f3c7a17fe26d596b28ade6fe603cf2d5e3d0bc3d46420d681fd28726bb", kill_on_drop: false }`
[INFO] [stderr]    Compiling memchr v2.3.2
[INFO] [stderr]    Compiling cc v1.0.50
[INFO] [stderr]    Compiling regex-syntax v0.6.13
[INFO] [stderr]    Compiling proc-macro2 v0.4.30
[INFO] [stderr]    Compiling unicode-xid v0.1.0
[INFO] [stderr]    Compiling libc v0.2.66
[INFO] [stderr]    Compiling thread_local v1.0.1
[INFO] [stderr]    Compiling syn v0.15.44
[INFO] [stderr]    Compiling utf8-ranges v1.0.4
[INFO] [stderr]     Checking rustc-demangle v0.1.16
[INFO] [stderr]    Compiling cargo-husky v1.5.0
[INFO] [stderr]    Compiling aho-corasick v0.7.8
[INFO] [stderr]    Compiling backtrace-sys v0.1.32
[INFO] [stderr]    Compiling quote v0.6.13
[INFO] [stderr]     Checking backtrace v0.3.42
[INFO] [stderr]    Compiling regex v1.3.3
[INFO] [stderr]    Compiling llvm-sys v100.0.1
[INFO] [stderr]    Compiling logos-derive v0.10.0-rc2
[INFO] [stdout] error[E0061]: this method takes 1 argument but 2 arguments were supplied
[INFO] [stdout]   --> /opt/rustwide/cargo-home/registry/src/index.crates.io-6f17d22bba15001f/logos-derive-0.10.0-rc2/src/util.rs:89:31
[INFO] [stdout]    |
[INFO] [stdout] 89 |                 self.callback.insert(callback, |_| panic!("Only one callback can be defined per variant definition!"));
[INFO] [stdout]    |                               ^^^^^^         ------------------------------------------------------------------------
[INFO] [stdout]    |                                              | |
[INFO] [stdout]    |                                              | unexpected argument of type `[closure@/opt/rustwide/cargo-home/registry/src/index.crates.io-6f17d22bba15001f/logos-derive-0.10.0-rc2/src/util.rs:89:48: 89:51]`
[INFO] [stdout]    |                                              help: remove the extra argument
[INFO] [stdout]    |
[INFO] [stdout] note: method defined here
[INFO] [stdout]   --> /rustc/9610dfe5a9a731ced1ea4923ecbd0c57fe367898/library/core/src/option.rs:1554:12
[INFO] [stdout] 
[INFO] [stdout] 
[INFO] [stdout] error[E0061]: this method takes 1 argument but 2 arguments were supplied
[INFO] [stdout]   --> /opt/rustwide/cargo-home/registry/src/index.crates.io-6f17d22bba15001f/logos-derive-0.10.0-rc2/src/lib.rs:63:20
[INFO] [stdout]    |
[INFO] [stdout] 63 |             extras.insert(ext, |_| panic!("Only one #[extras] attribute can be declared."));
[INFO] [stdout]    |                    ^^^^^^    -------------------------------------------------------------
[INFO] [stdout]    |                              | |
[INFO] [stdout]    |                              | unexpected argument of type `[closure@/opt/rustwide/cargo-home/registry/src/index.crates.io-6f17d22bba15001f/logos-derive-0.10.0-rc2/src/lib.rs:63:32: 63:35]`
[INFO] [stdout]    |                              help: remove the extra argument
[INFO] [stdout]    |
[INFO] [stdout] note: method defined here
[INFO] [stdout]   --> /rustc/9610dfe5a9a731ced1ea4923ecbd0c57fe367898/library/core/src/option.rs:1554:12
[INFO] [stdout] 
[INFO] [stdout] 
[INFO] [stdout] error[E0061]: this method takes 1 argument but 2 arguments were supplied
[INFO] [stdout]    --> /opt/rustwide/cargo-home/registry/src/index.crates.io-6f17d22bba15001f/logos-derive-0.10.0-rc2/src/lib.rs:134:23
[INFO] [stdout]     |
[INFO] [stdout] 134 |                 error.insert(variant, |_| panic!("Only one #[error] variant can be declared."));
[INFO] [stdout]     |                       ^^^^^^        ----------------------------------------------------------
[INFO] [stdout]     |                                     | |
[INFO] [stdout]     |                                     | unexpected argument of type `[closure@/opt/rustwide/cargo-home/registry/src/index.crates.io-6f17d22bba15001f/logos-derive-0.10.0-rc2/src/lib.rs:134:39: 134:42]`
[INFO] [stdout]     |                                     help: remove the extra argument
[INFO] [stdout]     |
[INFO] [stdout] note: method defined here
[INFO] [stdout]    --> /rustc/9610dfe5a9a731ced1ea4923ecbd0c57fe367898/library/core/src/option.rs:1554:12
[INFO] [stdout] 
[INFO] [stdout] 
[INFO] [stdout] error[E0061]: this method takes 1 argument but 2 arguments were supplied
[INFO] [stdout]    --> /opt/rustwide/cargo-home/registry/src/index.crates.io-6f17d22bba15001f/logos-derive-0.10.0-rc2/src/lib.rs:138:21
[INFO] [stdout]     |
[INFO] [stdout] 138 |                 end.insert(variant, |_| panic!("Only one #[end] variant can be declared."));
[INFO] [stdout]     |                     ^^^^^^        --------------------------------------------------------
[INFO] [stdout]     |                                   | |
[INFO] [stdout]     |                                   | unexpected argument of type `[closure@/opt/rustwide/cargo-home/registry/src/index.crates.io-6f17d22bba15001f/logos-derive-0.10.0-rc2/src/lib.rs:138:37: 138:40]`
[INFO] [stdout]     |                                   help: remove the extra argument
[INFO] [stdout]     |
[INFO] [stdout] note: method defined here
[INFO] [stdout]    --> /rustc/9610dfe5a9a731ced1ea4923ecbd0c57fe367898/library/core/src/option.rs:1554:12
[INFO] [stdout] 
[INFO] [stdout] 
[INFO] [stdout] error: aborting due to 4 previous errors
[INFO] [stdout] 
[INFO] [stdout] 
[INFO] [stdout] For more information about this error, try `rustc --explain E0061`.
[INFO] [stdout] 
[INFO] [stderr] error: could not compile `logos-derive` (lib) due to 5 previous errors
[INFO] running `Command { std: "docker" "inspect" "78dbe9f3c7a17fe26d596b28ade6fe603cf2d5e3d0bc3d46420d681fd28726bb", kill_on_drop: false }`
[INFO] running `Command { std: "docker" "rm" "-f" "78dbe9f3c7a17fe26d596b28ade6fe603cf2d5e3d0bc3d46420d681fd28726bb", kill_on_drop: false }`
[INFO] [stdout] 78dbe9f3c7a17fe26d596b28ade6fe603cf2d5e3d0bc3d46420d681fd28726bb
